f -2 + (1 - -18) + -1 + -90 + (-167 - -248)?
7
(-5 + 59 - 58) + 1 + -17 - 70
-90
What is (-32 - -33) + 8 + (-1 - -4 - 7)?
5
Evaluate (-115 + 111 - -68) + -39.
25
Evaluate 2 + 6 + -58 + -6 + (12 - 8 - 5).
-57
What is the value of 4 + (60 + -235 - -95)?
-76
Calculate 2 - (-69 + (21 - 15)).
65
Calculate (0 - 11) + (205 + -95 - 97).
2
Calculate (5 - -4) + -10 + (120 - (0 + -4)) + -8.
115
Calculate -68 + 68 + (-6 + -1 + 4 - -7).
4
What is (6 - (-5 - -4)) + -74 + (86 - 47)?
-28
Calculate 1 - 24 - (29 + -37) - -45.
30
Calculate 15 + -26 + (-8 - (-5 + -8)) - -47.
41
Calculate (171 - 159) + (5 - 80) - -19.
-44
Evaluate (8 + (-8 - -8) - (-13 + 10)) + (56 - -1).
68
Calculate 90 + -66 + 4 + -27 + (-51 - (1 + -2)).
-49
What is 109 + 130 + -7 + -134?
98
Calculate (259 - 274) + (-3 - 3) + 46.
25
What is the value of -15 - (4 + -13) - (-5 - -4 - 34)?
29
Calculate -6 + 19 + -11 + 4 + 2 + 5 + -3.
10
What is 18 + 12 + (-44 - -20) + 17 + (-1 - -8)?
30
What is the value of -16 + (23 - 10) + (9 - 25)?
-19
36 - ((-33 - -60) + -31 + -14)
54
101 - (-52 + 30 + 7 + 7)
109
Evaluate 42 - 37 - (300 - 241).
-54
What is the value of (-14 + 12 - (-18 + (26 - 14))) + -16?
-12
Evaluate 33 + -19 - (48 - -11).
-45
What is the value of -13 - -31 - (-4 + (-1 - -12) - -1)?
10
What is (0 - (-1 - (-1 - 0))) + 6799 + -6747?
52
What is (-10 - 36) + -18 + 1?
-63
Evaluate 1 + -3 + -38 - 9 - -20.
-29
What is 40 + -1 + -160 + 96 - -122?
97
Evaluate (-8 - (0 - -2 - 3)) + 2 + 7 + 53.
55
What is -16 + 0 + 41 + 13?
38
Calculate -10 + 20 - ((-13 - (-71 - -9)) + (0 - 3)).
-36
What is the value of -54 + 17 + 8 + (-32 - -25)?
-36
Calculate -53 + 77 + -25 - (34 - 2).
-33
Evaluate (9 - (12 - -4)) + (-1 + 0 - -77).
69
(160 - (-56 + 150)) + -16 + 0 + 1
51
(-24 - (5 + -15)) + -25 + 9 + -4
-34
(-6 - (14 + 5) - -12) + (2 - 3 - 2)
-16
Evaluate (20 - (27 + -43)) + 3 + -1 + 3 + -6.
35
Calculate (17 - (-1 + 0)) + (-2123 - -2071).
-34
Evaluate (-1 - 4) + -19 + 28 + -33 + 77.
48
-8 - (-4 + 12 + 73 + (15 + -10 - 14))
-80
Calculate 0 - (1 + 10 - (-9 + 11)) - (-3267 - -3229).
29
What is the value of -1 - ((-14 - (3 - 9 - 3)) + 12 + -9)?
1
Calculate (-4 - (-7 - -7) - 26) + 92.
62
Calculate 10 + -35 - (-1 + -3 + 9 - 4 - 4).
-22
Calculate -4 + 20 - (29 + -46) - 20.
13
-26 + 20 + -23 + 2 + 104
77
What is -12 + 3 + -3 + 0 - (-10779 + 10666)?
101
Evaluate 19 + (-7 - -34 - 19).
27
-16 + 13 - (-21 + 44 - 23 - (-95 - 1))
-99
Calculate (-18 - -2) + 24 + (-2 - 0 - 4) - -59.
61
What is the value of 805 + -842 - (5 - 1)?
-41
1 - 22 - ((-8 - -5) + (-193 - -183))
-8
What is -30 + 17 + 16 + (-46 - (-5 - 0))?
-38
-41 + 67 - (-36 - -8)
54
What is (-38 - (7 + -12) - -16) + 12 - -7?
2
Evaluate -6 + (0 - -8 - (-97 + 50 + 66)).
-17
What is 29 + (10 - 88 - -5)?
-44
What is the value of 65 - ((-41 - -11) + (-34 - -35))?
94
1 + -13 + 1 + 86446 + -86369
66
Evaluate 1 + -2 - -61 - (11 + -2 - (49 - 49)).
51
What is the value of (-103 - -141) + -156 - -214?
96
Calculate 7 + (68 - -3) + -22 + (21 - -2 - 7).
72
What is the value of 54 + (-80 - -21) + -3 + (-28 - 2)?
-38
Calculate -106 - 1 - (-29 - -103 - 109).
-72
-60 + 48 + -11 + -8 + 9 + 102
80
What is -3 + (63 - 52) + (5 + -2 - -2)?
13
Evaluate -9 + -14 - (-18 - -11 - -58).
-74
What is -40 - ((18 - 75) + -58)?
75
Evaluate -9 - (-88 - 6 - 11).
96
What is (-5199 - -5173) + (3 + -5 - 51)?
-79
2 + -5 - (-110 - -216 - 102)
-7
Calculate (0 - (-68 - -1)) + -6 + 0 + (358 - 353).
66
What is 9 - (12 + -16 - -57) - (9 + -4)?
-49
Evaluate -15 - (3 + 3 + 6 + 103 + -127) - -79.
76
(89 - 48 - 36) + (-1 - (34 - -3))
-33
8 + -59 + -17 + (17 - -3) + -8 + -4
-60
Evaluate (-5 - -11) + (-15 - (0 - 18)).
9
Evaluate -63 - (0 + -93 - -8).
22
Evaluate (-80 - -34 - -15) + 27.
-4
Calculate 13 + (1 - -2) + -6 + (-77 - (4 - 6)).
-65
What is -8 - (2 - ((311 - 330) + (6 - 0) + 15))?
-8
What is -70 + ((2 - -3 - 8) + -8 - -12)?
-69
What is the value of (82 - (118 - 44)) + (51 + 4 + -5 - 2)?
56
What is the value of 14 + 9 + -17 + (-30 - -19) + 42?
37
Calculate -6 + 3 - (-6375 + 6274).
98
What is -1 + 2 + -31 + (-12 - (-4 - (46 + -28)))?
-20
What is 2 + -1 + (202 - 217)?
-14
What is the value of 13 + -27 + (28 - (-17 - -41))?
-10
Evaluate -59 + (48 - 41) + 5 + 2.
-45
Calculate 16 - (-8 + 9 - -1 - 3 - -94).
-77
-52 + (-4 - (-103 - -25))
22
What is the value of 46 + -93 + 10 + -21?
-58
Calculate 8 + (-19 + 12 + 13 - 65).
-51
(2 - 26) + 1 - (1338 + -1288)
-73
What is -52 + 1 + (-134 - (-84 + -63))?
-38
18 + ((322 - 354) + 1 + 13 - 34)
-34
What is (-180 - -85) + 62 - -57?
24
Evaluate 28 + (-965 + 978 - ((2 - -1) + -1 - -6)).
33
Calculate -47 + -25 + 71 + -34 - -37.
2
-8 - (30 + -28 + (-14 - -26))
-22
Evaluate -112 + (18 - 12) + (1 - 1) + 15.
-91
95 + (-18 - 161) - -19
-65
-12 + 58 + 2 + 12 + -6 + -5
49
What is the value of -34 - (-59 + 34 - 32)?
23
What is the value of (-104 - -51) + 73 + 3 + (-5 + 6 - 0)?
24
Calculate -160 - -127 - (4 - (-1 + 1)).
-37
Calculate 109 + 16 + (47 - (-35 - -85)).
122
What is the value of -19 + -9 + 13 + (-3 - -7) - 27 - -13?
-25
(-42 - (-25 + 3 - -12)) + 48
16
-10 + (6 - -1) - ((-16 - -2) + 27)
-16
What is the value of 16 + -7 - 6 - 11 - (18 + -15)?
-11
-70 + 55 + 59 + -7
37
Calculate -17 + (35 - (-11 - -48)) + 50.
31
What is 88 + (-88 - -36) + 4?
40
What is the value of 31 + -30 + -65 - (30 - 24)?
-70
What is -1 + -32 - (5796 - 5851)?
22
What is the value of -139 - (149 + -140 + -161)?
13
Calculate (-26 - (8 + (-3 - 9))) + 61.
39
What is the value of (-174 - 0) + (11651 - 11488)?
-11
What is the value of (-2 - -1) + -9 - (226 + -518 - -267)?
15
Evaluate -23 + 26 + 0 + 10 - (20 + (-68 - 12)).
73
What is the value of 20 + -4 - 22 - (-38 - -17)?
15
Calculate 9 - (7 - (-4 - 46) - 15).
-33
What is the value of -157 - (-13 - (98 + 75))?
29
What is 5 - 5 - -21 - 39?
-18
What is the value of 7 + (-6 + -11 - 7 - (-17 - -25)) + -2?
-27
What is the value of 63 + 56 + -28 + -8 + 8?
91
13 + -43 + (14 - (-26 - -21))
-11
Calculate (-98 - (-7 + 7)) + -16 + 20 + 8 + -9.
-95
What is the value of 307 + -75 + -144 + -114?
-26
What is the value of -75 - ((2 - 26) + -64 + 86 + -11)?
-62
Evaluate -19 - (-71 - (-14 - 112)).
-74
(-1 - 4 - -18) + 34 + -83
-36
What is the value of -39 + (218 - 75) + -248?
-144
What is (-76 - -71) + 35 - -4?
34
Calculate (-99 - (-23 - -46)) + 101 + -64.
-85
What is the value of 1 - 4 - (3 + -1 - (-123 - -121))?
-7
Calculate -21 - ((-506 - -517) + (-2 - 58)).
28
What is the value of 265 + -250 + (-14 - (-1 - 1))?
3
-43 + 88 - (20 + -2) - -10
37
What is -98 + (-4 - (8 - 2 - -13 - 10))?
-111
What is the value of (-8 - -15) + 0 + 2 - (-36 + -1 + 2)?
44
Calculate -2 + -1 + (37 + 1 - (214 - 123)).
-56
(-56 - -1) + -4503 + 4559
1
What is the value of -28 + (44 - -30) + 9 + 4?
59
Evaluate (-51 - -116) + -84 + -12.
-31
-14 + 4 - -12 - 9 - 6 - -15 - 79
-77
Evaluate (36 + -47 - (-3 + (1 - 2) - 1)) + 13.
7
Calculate -41 - -42 - -9 - (1 + -2 + 47).
-36
Evaluate 159 + -72 + -44 + 23.
66
-23 + (-6 - 17 - -28) - 20
-38
Calculate ((120 - -6) + -48 - 34) + -24.
20
Evaluate 1 - -34 - (1180 - 1116).
-29
(4 - -5 - 3) + 32 + 0 + 48 + -51
35
Calculate (9 - 54 - -94) + -3.
46
What is the value of (8 - 0) + (25 - 28) + (-3 - 0) + -7?
-5
Calculate (-2 - 21) + -2 - (-23 - -14).
-16
Evaluate -1 - 64 - ((-5 - 18) + 5 + -127 + 148).
-68
What is -99 + (116 + -45 - -32)?
4
What is 116 + -236 + 9 - -113?
2
Evaluate (-32 - -21 - ((-2 - 7) + 6 - 129)) + -13.
108
What is 1 - (27 - 18 - (17 - (-5 + 10))) - -18?
22
Evaluate (12 + -15 - -13 - (-2 + 6)) + 18.
24
Calculate -6 - (34 + 4) - (-59 - -43).
-28
Evaluate (-4 - 5) + -18 + 98 + 11 + 10 + -11.
81
What is -62 - ((-15 - 6 - -54) + (-3 - 12))?
-80
What is -36 + (27 - -30) + -5 - 21?
-5
Calculate -16 - (-1 + 1) - (794 + -813).
3
What is the value of -9 - (-22 - 12) - (0 - 20)?
45
(-129 - 2) + (-377 - -375)
-133
What is the value of 68 - (34 - (58 + -22))?
70
What is the value of (56 - (70 - -19)) + 13 + (-1 - 72)?
-93
-8 - (-33 - (11 + -24)) - (-3 + 7)
8
62 + -95 + (-41 - -71)
-3
What is the value of 84 + -1 + -47 - (-1 - 3)?
40
Evaluate (65 - -1) + 22 + 1 + -35.
54
What is the value of (-1 - 3) + (-20 - -3) + 40 + 18 - -2?
39
Calculate (-16 + 26 - -9) + (38 - -3).
60
What is -883 - -896 - (-5 + -57)?
75
Calculate 2 - (-699 + 688 - (-3 + -12 + 3 + -1)).
0
-35 - (2 + (-14 - (-